 - 7*j + 9. Give m(-5).
-81
Let t(m) = -m**3 + 17*m**2 - 52*m + 12. What is t(13)?
12
Let f(l) = l**2 + 8*l - 8. Give f(-9).
1
Let y(c) = -2*c - 12. Calculate y(-3).
-6
Let n(b) = -b**2 - b + 1. Calculate n(2).
-5
Let o(i) = -6*i + 11. Give o(5).
-19
Let v(i) = 2*i**2 + 3*i + 2. Determine v(3).
29
Let n(c) = 2*c**2 - 1. Determine n(-2).
7
Let x(a) = -2*a**2 + 6*a - 3. Determine x(0).
-3
Let k(g) = -6*g + 1. What is k(4)?
-23
Let h(i) = i**3 + 6*i**2 - 9*i - 6. Calculate h(-7).
8
Let x(b) = -b**3 + 15*b**2 - 15*b + 2. Give x(14).
-12
Let w(t) = 2*t**3 - 6*t**2 + 3*t - 5. Determine w(4).
39
Let u(j) = j**3 + 18*j**2 - 2*j - 43. Give u(-18).
-7
Let h(k) = -k**2 - k + 19. Determine h(0).
19
Let c(a) = a**3 + 5*a**2 - a + 3. Determine c(-5).
8
Let x(t) = 4*t**3 - t**2 + 2*t + 2. Determine x(-2).
-38
Let p(j) = -j**2 - 11*j - 31. What is p(-6)?
-1
Let q(b) = 2*b**2 - 15*b + 2. Determine q(6).
-16
Let t(u) = -3*u**2 - 7*u + 15. What is t(2)?
-11
Let y(g) = g**3 + 14*g**2 + 11*g - 26. Determine y(-13).
0
Let d(g) = 2*g**3 + 3*g**2 + 4*g + 7. Calculate d(-2).
-5
Let z(v) = 8*v - 199. Calculate z(24).
-7
Let g(p) = -p**3 + 4*p**2 + 5*p - 12. What is g(5)?
-12
Let w(v) = -28*v - 115. Give w(-4).
-3
Let k(b) = -b**3 + 8*b**2 + 7*b + 23. Give k(9).
5
Let k(b) = b**3 + 36*b**2 + 33*b - 70. Give k(-35).
0
Let k(t) = -t**3 - 4*t**2 - 13*t + 3. What is k(-4)?
55
Let k(r) = r**2 - 31*r + 132. Give k(26).
2
Let p(q) = -q**3 + q**2 - q - 2. Give p(0).
-2
Let n(t) = t**3 - 14*t**2 + 4*t - 22. Determine n(14).
34
Let q(n) = 7*n. Calculate q(1).
7
Let v(p) = -p**3 + 7*p**2 + 8. Give v(7).
8
Let z(d) = 2*d**3 + 2*d**2 - 2. What is z(1)?
2
Let m(g) = g**2 + 11*g + 17. Calculate m(-9).
-1
Let r(k) = -k**3 + 9*k**2 + 3*k - 26. Determine r(9).
1
Let r(d) = -d**3 - 4*d**2 - 7*d - 7. Give r(-4).
21
Let t(f) = 6*f + 96. Determine t(-17).
-6
Let f(h) = -h + 15. Give f(4).
11
Let n(m) = 2*m + 6. Determine n(-4).
-2
Let w(j) = 8*j**2 + 48*j - 6. What is w(-6)?
-6
Let k(f) = -12*f + 26. Calculate k(3).
-10
Let g(f) = -f**2 + 15*f + 135. What is g(21)?
9
Let j(s) = s**3 + 12*s**2 + 15*s - 139. Calculate j(-8).
-3
Let z(n) = -174*n - 708. Calculate z(-4).
-12
Let z(m) = -m**3 + 25*m**2 - 13*m - 273. What is z(24)?
-9
Let h(z) = 22*z**2 - 2. Determine h(-2).
86
Let o(u) = u**3 + 24*u**2 + 2*u + 50. Calculate o(-24).
2
Let d(z) = z**3 - 8*z**2 + 5*z + 4. Determine d(4).
-40
Let q(o) = -o**2 + 5*o + 14. Give q(6).
8
Let d(p) = 8*p + 6. Determine d(-2).
-10
Let v(t) = -13*t + 5. Determine v(2).
-21
Let u(n) = -2*n**2 - 2*n - 6. Calculate u(-4).
-30
Let i(v) = 2*v**3 - 12*v**2 + 2*v - 13. Determine i(6).
-1
Let p(j) = 6*j - 34. Calculate p(6).
2
Let x(i) = 2*i**2 - 5. What is x(4)?
27
Let d(u) = -2*u + 25. Determine d(10).
5
Let h(n) = -9*n + 3. What is h(4)?
-33
Let v(z) = -6*z**2 + 181*z - 24. Calculate v(30).
6
Let d(i) = -4*i + 2. Calculate d(-9).
38
Let z(v) = 7*v - 3. What is z(-1)?
-10
Let m(o) = o**3 - 7*o**2 + o - 8. Determine m(7).
-1
Let i(x) = x**3 - x + 10. Determine i(0).
10
Let g(d) = -2*d + 10. What is g(-4)?
18
Let t(d) = -6*d - 21. Determine t(-5).
9
Let p(l) = -76*l + 2. Calculate p(-1).
78
Let o(k) = -k**2 + 7*k + 7. Give o(7).
7
Let a(t) = -t**3 + 10*t**2 + 14*t - 27. Calculate a(11).
6
Let n(y) = -y + 42. Calculate n(11).
31
Let f(c) = -c**3 + 8*c**2 + 20*c + 24. Calculate f(10).
24
Let h(y) = -y**2 - 13*y + 66. Give h(-16).
18
Let w(n) = -4*n**3 + n**2 - 7*n - 7. Determine w(-1).
5
Let r(b) = -b**3 - 23*b**2 - 24*b - 56. Determine r(-22).
-12
Let h(p) = p**3 + 9*p**2 + 10*p + 18. What is h(-8)?
2
Let q(i) = i**3 - 18*i**2 - 17*i - 17. What is q(19)?
21
Let z(h) = -h**2 + 19*h + 129. Determine z(24).
9
Let a(b) = 12*b - 24. Give a(10).
96
Let o(c) = c**3 + 4*c**2 - c + 4. Determine o(-3).
16
Let h(a) = -a**2 + 9*a - 1. Calculate h(9).
-1
Let k(i) = -i**2 - 3*i + 7. Give k(-4).
3
Let k(u) = -8*u - 7. Give k(-2).
9
Let r(f) = -f**3 + 2*f**2 + 4*f + 6. Calculate r(5).
-49
Let m(w) = -w**2 - 3*w - 2. What is m(-2)?
0
Let g(s) = s**2 - 38. Calculate g(0).
-38
Let h(g) = 2*g**2 - 31*g + 114. Determine h(10).
4
Let k(z) = -z**2 + 12*z + 9. Give k(13).
-4
Let t(k) = -k**2 - 77*k - 366. Determine t(-5).
-6
Let a(m) = -155*m - 1083. Calculate a(-7).
2
Let k(x) = x**2 + x - 8. Calculate k(0).
-8
Let j(x) = -67*x + 6. Give j(-2).
140
Let f(s) = -63*s + 3. Give f(-2).
129
Let q(t) = t**2 - 8*t + 9. What is q(8)?
9
Let o(a) = -3*a - 21. What is o(-16)?
27
Let z(n) = 2*n**2 + 10*n - 15. Give z(-6).
-3
Let y(j) = 2*j**2 - 5*j + 2. Determine y(3).
5
Let j(n) = n**3 - n**2 - 4*n + 6. Determine j(2).
2
Let a(l) = -51*l - 1. What is a(-2)?
101
Let w(y) = 11*y - 3. Determine w(-1).
-14
Let h(v) = 2*v + 5. What is h(6)?
17
Let s(g) = g**3 - 47*g**2 - 46*g - 87. What is s(48)?
9
Let m(g) = g**3 - 10*g**2 - 5*g - 4. Determine m(10).
-54
Let l(k) = 24*k**2 + 66*k - 11. Determine l(-3).
7
Let k(o) = 4*o - 49. Calculate k(13).
3
Let p(t) = -t**2 + 4*t + 9. Determine p(7).
-12
Let d(y) = y**3 - 5*y**2 + 6*y - 5. Determine d(4).
3
Let u(k) = 2*k**3 - k**2 - 5*k - 6. Give u(-3).
-54
Let d(o) = -o**3 - 9*o**2 - 22*o - 13. Calculate d(-5).
-3
Let z(n) = n**2 + 7*n - 11. Give z(-9).
7
Let y(s) = -s**3 + 9*s**2 + 12*s - 9. Calculate y(10).
11
Let j(m) = -m**2 - 16*m - 31. What is j(-14)?
-3
Let t(s) = 2*s**2 + 19*s + 42. What is t(-5)?
-3
Let w(r) = r**3 + 7*r**2 - 5*r - 6. What is w(-7)?
29
Let n(t) = -15*t + 1. What is n(-1)?
16
Let g(v) = v**2 + v - 57. Determine g(0).
-57
Let y(s) = -s**2 + 2*s + 6. Calculate y(0).
6
Let w(p) = -3*p - 6. Determine w(-6).
12
Let q(r) = -r + 5. Calculate q(14).
-9
Let f(c) = 3*c - 12. Give f(6).
6
Let m(n) = -16*n - 151. What is m(-10)?
9
Let v(h) = -20*h**2 + h - 1. Give v(1).
-20
Let p(a) = a**3 - 5*a**2 - 6*a - 4. Determine p(6).
-4
Let r(m) = m**3 - 8*m**2 + 4*m - 10. What is r(7)?
-31
Let q(g) = -g**2 + 4*g - 2. What is q(6)?
-14
Let t(x) = -x**2 - 4*x + 19. Give t(-9).
-26
Let y(w) = w**2 + 37*w - 73. Calculate y(-38).
-35
Let g(u) = -u**3 - 5*u**2 - 8*u + 14. Determine g(-6).
98
Let h(c) = c**2 + 9*c - 8. Determine h(-10).
2
Let k(l) = 11*l - 31. Calculate k(3).
2
Let c(h) = -h**2 + h + 6. Determine c(2).
4
Let y(v) = v**2 - 24*v + 115. Give y(8).
-13
Let v(k) = -k**3 - 14*k**2 + 31*k - 10. Calculate v(-16).
6
Let h(a) = -3*a + 12. What is h(-1)?
15
Let h(r) = -6*r + 46. What is h(12)?
-26
Let c(l) = -2*l**2 - 38*l + 25. Determine c(-19).
25
Let l(n) = n**2 - 8*n + 28. Determine l(14).
112
Let c(w) = -w**2 + 5*w - 1. What is c(7)?
-15
Let r(j) = j**3 + 3*j**2 - j - 8. Give r(-2).
-2
Let n(c) = c + 3. Calculate n(2).
5
Let t(o) = -o + 12. What is t(19)?
-7
Let t(u) = -u**3 + 8*u**2 - 8*u + 23. Calculate t(8).
-41
Let r(n) = -10*n - 50. Give r(-4).
-10
Let l(m) = -3*m**3 - 9*m**2 + 3*m - 11. Determine l(-4).
25
Let v(u) = -22*u**2 + 10*u + 3. What is v(-2)?
-105
Let q(m) = -m**2 + 2*m - 4. Calculate q(3).
-7
Let n(b) = -b**3 + 8*b**2 - 14*b + 7. Determine n(6).
-5
Let q(k) = -k**3 + 23*k**2 + 79*k - 47. Calculate q(26).
-21
Let v(m) = -m + 2. What is v(-9)?
11
Let v(c) = 2*c**2 + 3*c + 1. Determine v(0).
1
Let x(b) = -4*b + 48. What is x(15)?
-12
Let l(o) = 2*o**2 + 38*o + 7. Determine l(-17).
-61
Let t(c) = -6*c + 248. Determine t(40).
8
Let x(q) = -45*q + 3462. What is x(77)?
-3
Let y(g) = g**2 - 8*g + 4. Give y(10).
24
Let u(k) = 12*k + 130. Give u(-11).
-2
Let n(i) = -i**2 - 14*i - 12. What is n(-12)?
12
Let d(v) = v + 14. Give d(-11).
3
Let v(q) = 2*q**2 + 4*q - 2. Give v(-4).
14
Let q(h) = 12*h + 116. Determine q(-18).
-100
Let p(j) = 4*j - 3. Calculate p(8).
29
Let x(n) = n**2 + 32*n + 267. Determine x(-20).
27
Let b(t) = t**3 - 17*t**2 - 17*t + 60. Give b(18).
78
Let t(v) = -v**3 - 47*v**2 - 5*v - 234. Calculate t(-47).
1
Let a(q) = -q**2 + 10*q + 40. Determine a(10).
40
Let x(p) = -7*p + 134. What is x(18)?
8
Let o(m) = -m**3 + 2*m**2 + 6*m + 1. Determine o(4).
-7
Let t(u) = -13*u**3 + 3*u**2 + u - 2. Determine t(1).
-11
Let t(d) = d**3 - 47*d**2 - 381*d - 23. Calculate t(-7).
-2
Let a(m) = -m**3 + 7*m**2 - 5*m + 18. Give a(7).
-17
Let u(x) = -x**3 + 12*x**2 - 35*x + 8. Determine u(4).
-4
Let p(s) = -s**3 + 10*s**2 + 24*s - 4. Determine p(12).
-4
Let f(b) = -4*b**2 + b + 1. Give f(2).
-13
Let t(v) = v - 19. Determine t(-6).
-25
Let z(n) = -n 